{"id":286,"date":"2015-01-30T13:11:21","date_gmt":"2015-01-30T13:11:21","guid":{"rendered":"http:\/\/www.cernyfaun.cz\/?page_id=286"},"modified":"2015-02-28T19:58:35","modified_gmt":"2015-02-28T19:58:35","slug":"chivas-regal-cerny-faun","status":"publish","type":"page","link":"https:\/\/www.cernyfaun.cz\/?page_id=286","title":{"rendered":"CHIVAS REGAL \u010cERN\u00dd FAUN"},"content":{"rendered":"<p><a href=\"http:\/\/www.cernyfaun.cz\/wp-content\/uploads\/2015\/01\/chivas18.jpg\"><img loading=\"lazy\" decoding=\"async\" class=\"aligncenter size-medium wp-image-200\" src=\"http:\/\/www.cernyfaun.cz\/wp-content\/uploads\/2015\/01\/chivas18-300x229.jpg\" alt=\"chivas18\" width=\"300\" height=\"229\" srcset=\"https:\/\/www.cernyfaun.cz\/wp-content\/uploads\/2015\/01\/chivas18-300x229.jpg 300w, https:\/\/www.cernyfaun.cz\/wp-content\/uploads\/2015\/01\/chivas18.jpg 709w\" sizes=\"(max-width: 300px) 100vw, 300px\" \/><\/a><\/p>\n<p style=\"text-align: center;\"><strong>CHIVAS REGAL \u010cERN\u00dd FAUN<\/strong><\/p>\n<p style=\"text-align: center;\"><span style=\"font-size: 12pt;\">(spolumajitel\/co-owner: man\u017eel\u00e9 \u010cechovi)<\/span><\/p>\n<p style=\"text-align: center;\"><strong>nar. 17.5.2008, hn\u011bdob\u00edl\u00fd\/brown<\/strong><br \/>\n<strong>chovn\u00fd pes\/stud dog<\/strong><br \/>\n<strong>35 cm, plnochrup\u00fd\/full teeh, patella 0\/0<\/strong><br \/>\n<strong>o\u010dn\u00ed testy negativn\u00ed\/eye tests negative<\/strong><br \/>\n<strong>BAER test negativn\u00ed\/normal \u2013 oboustrann\u011b sly\u0161\u00edc\u00ed\/both sides hearing<\/strong><\/p>\n<p style=\"text-align: center;\"><strong>Slovensk\u00fd \u0161ampion\/Slovakia Champion<\/strong><br \/>\n<strong>\u010cesk\u00fd klubov\u00fd \u0161ampion\/Czech Club Champion<\/strong><br \/>\n<strong>Klubov\u00fd v\u00edt\u011bz SR 2010\/Club winner SR 2010<\/strong><br \/>\n<strong>Klubov\u00fd v\u00edt\u011bz \u010cR 2011\/Club winner \u010cR 2011<\/strong><br \/>\n<strong>BIG 4, BOB<\/strong><br \/>\n<strong>CACIB, 3xR.CACIB<\/strong><br \/>\n<strong>2xCAC (CZ), CC (CZ)<\/strong><br \/>\n<strong>5xCAC (SR) 2xCC (SR)<\/strong><\/p>\n<table class=\"alignleft\" border=\"4\" width=\"100%\" cellpadding=\"0\">\n<caption align=\"top\"><strong>\u00a0<span style=\"font-size: 10pt;\">rodokmen\/pedigree:<\/span><\/strong><\/caption>\n<tbody>\n<tr>\n<td rowspan=\"8\" width=\"160\"><span style=\"color: #000000; font-size: 10pt;\"><b>JCh.McAllister&#8217;s Veni Vidi Vici<\/b><\/span><\/td>\n<td rowspan=\"4\" width=\"160\"><span style=\"color: #000000; font-size: 10pt;\"><b>JCh.Fillmore Indiana Jones<\/b><\/span><\/td>\n<td rowspan=\"2\" width=\"160\"><span style=\"color: #000000; font-size: 10pt;\"><b>JCh. McAllister&#8217;s Call My Name<\/b><\/span><\/td>\n<td width=\"200\"><span style=\"color: #000000; font-size: 8pt;\"><b>Ch. Cudweed&#8217;s Unionman<\/b><\/span><\/td>\n<\/tr>\n<tr>\n<td width=\"200\"><span style=\"color: #000000; font-size: 8pt;\"><b>Sunshine In My Eyes of Sweet Surprise<b><\/b><\/b><\/span><\/td>\n<\/tr>\n<tr>\n<td rowspan=\"2\" width=\"160\"><span style=\"font-size: 10pt;\"><b>MultiCh. McAllister&#8217;s Rising Sun<\/b><\/span><\/td>\n<td width=\"200\"><span style=\"color: #000000; font-size: 8pt;\"><b>MulitiCh. DJ vom Mahdenwald<\/b><\/span><\/td>\n<\/tr>\n<tr>\n<td width=\"200\"><span style=\"color: #000000; font-size: 8pt;\"><b>McAllister&#8217;s Snow White<\/b><\/span><\/td>\n<\/tr>\n<tr>\n<td rowspan=\"4\" width=\"160\"><span style=\"color: #000000; font-size: 10pt;\"><b>Ch. Rainpearl So Nice of Sweet Surprise<\/b><\/span><\/td>\n<td rowspan=\"2\" width=\"160\"><span style=\"color: #000000; font-size: 10pt;\"><b>The Ragamuffin v.Hutman&#8217;s Joy<\/b><\/span><\/td>\n<td width=\"200\"><span style=\"color: #000000; font-size: 8pt;\"><b>Vliestede Rascall<\/b><\/span><\/td>\n<\/tr>\n<tr>\n<td width=\"200\"><span style=\"color: #000000; font-size: 8pt;\"><b>Vliestede Hippo&#8217;s Dita Deux<\/b><\/span><\/td>\n<\/tr>\n<tr>\n<td rowspan=\"2\" width=\"160\"><span style=\"color: #000000; font-size: 10pt;\"><b>CWM Cadno Tantrum<\/b><\/span><\/td>\n<td width=\"200\"><span style=\"color: #000000; font-size: 8pt;\"><b>Chip<\/b><\/span><\/td>\n<\/tr>\n<tr>\n<td width=\"200\"><span style=\"color: #000000; font-size: 8pt;\"><b>Magpie Rose Never The Last<\/b><\/span><\/td>\n<\/tr>\n<tr>\n<td rowspan=\"8\" width=\"160\"><span style=\"color: #000000; font-size: 10pt;\"><b>Ch. Ginger \u010cern\u00fd faun<\/b><\/span><\/td>\n<td rowspan=\"4\" width=\"160\"><span style=\"color: #000000; font-size: 10pt;\"><b>Barsetta Want to Be Buster<\/b><\/span><\/td>\n<td rowspan=\"2\" width=\"160\"><span style=\"color: #000000; font-size: 10pt;\"><b>Barsetta Wampire<\/b><\/span><\/td>\n<td width=\"200\"><span style=\"color: #000000; font-size: 8pt;\"><b>Hoelio Prince<\/b><\/span><\/td>\n<\/tr>\n<tr>\n<td width=\"200\"><span style=\"color: #000000; font-size: 8pt;\"><b>Barsetta Kate<\/b><\/span><\/td>\n<\/tr>\n<tr>\n<td rowspan=\"2\" width=\"160\"><span style=\"color: #000000; font-size: 10pt;\"><b>Barsetta X-Cite<\/b><\/span><\/td>\n<td width=\"200\"><span style=\"color: #000000; font-size: 8pt;\"><b>Digmoor Taffy from Barsetta<\/b><\/span><\/td>\n<\/tr>\n<tr>\n<td width=\"200\"><span style=\"color: #000000; font-size: 8pt;\"><b>Barsetta Niece<\/b><\/span><\/td>\n<\/tr>\n<tr>\n<td rowspan=\"4\" width=\"160\"><span style=\"color: #000000; font-size: 10pt;\"><b>JCh.Rose Jack Interris<\/b><\/span><\/td>\n<td rowspan=\"2\" width=\"160\"><span style=\"color: #000000; font-size: 10pt;\"><b>MultiCh. Reynwood Rupert<\/b><\/span><\/td>\n<td width=\"200\"><span style=\"color: #000000; font-size: 8pt;\"><b>Glenholm Erik of Belmorr<\/b><\/span><\/td>\n<\/tr>\n<tr>\n<td width=\"200\"><span style=\"color: #000000; font-size: 8pt;\"><b>Ridley Rowena of Reynwood<\/b><\/span><\/td>\n<\/tr>\n<tr>\n<td rowspan=\"2\" width=\"160\"><span style=\"color: #000000; font-size: 10pt;\"><b>Ch. Meggie von der Heulisse<\/b><\/span><\/td>\n<td width=\"200\"><span style=\"color: #000000; font-size: 8pt;\"><b>Ch.Burberry of Highfast<\/b><\/span><\/td>\n<\/tr>\n<tr>\n<td width=\"200\"><span style=\"color: #000000; font-size: 8pt;\"><b>Ch.Nizzy of Highfast<\/b><\/span><\/td>\n<\/tr>\n<\/tbody>\n<\/table>\n","protected":false},"excerpt":{"rendered":"<p>CHIVAS REGAL \u010cERN\u00dd FAUN (spolumajitel\/co-owner: man\u017eel\u00e9 \u010cechovi) nar. 17.5.2008, hn\u011bdob\u00edl\u00fd\/brown chovn\u00fd pes\/stud dog 35 cm, plnochrup\u00fd\/full teeh, patella 0\/0 o\u010dn\u00ed testy negativn\u00ed\/eye tests negative BAER test negativn\u00ed\/normal \u2013 oboustrann\u011b sly\u0161\u00edc\u00ed\/both sides hearing Slovensk\u00fd \u0161ampion\/Slovakia Champion \u010cesk\u00fd klubov\u00fd \u0161ampion\/Czech Club Champion Klubov\u00fd v\u00edt\u011bz SR 2010\/Club winner SR 2010 Klubov\u00fd v\u00edt\u011bz \u010cR 2011\/Club winner \u010cR 2011 BIG &hellip; <a href=\"https:\/\/www.cernyfaun.cz\/?page_id=286\" class=\"more-link\">Pokra\u010dov\u00e1n\u00ed textu <span class=\"screen-reader-text\">CHIVAS REGAL \u010cERN\u00dd FAUN<\/span><\/a><\/p>\n","protected":false},"author":2,"featured_media":0,"parent":0,"menu_order":0,"comment_status":"closed","ping_status":"closed","template":"","meta":{"_monsterinsights_skip_tracking":false,"_monsterinsights_sitenote_active":false,"_monsterinsights_sitenote_note":"","_monsterinsights_sitenote_category":0,"footnotes":""},"_links":{"self":[{"href":"https:\/\/www.cernyfaun.cz\/index.php?rest_route=\/wp\/v2\/pages\/286"}],"collection":[{"href":"https:\/\/www.cernyfaun.cz\/index.php?rest_route=\/wp\/v2\/pages"}],"about":[{"href":"https:\/\/www.cernyfaun.cz\/index.php?rest_route=\/wp\/v2\/types\/page"}],"author":[{"embeddable":true,"href":"https:\/\/www.cernyfaun.cz\/index.php?rest_route=\/wp\/v2\/users\/2"}],"replies":[{"embeddable":true,"href":"https:\/\/www.cernyfaun.cz\/index.php?rest_route=%2Fwp%2Fv2%2Fcomments&post=286"}],"version-history":[{"count":20,"href":"https:\/\/www.cernyfaun.cz\/index.php?rest_route=\/wp\/v2\/pages\/286\/revisions"}],"predecessor-version":[{"id":712,"href":"https:\/\/www.cernyfaun.cz\/index.php?rest_route=\/wp\/v2\/pages\/286\/revisions\/712"}],"wp:attachment":[{"href":"https:\/\/www.cernyfaun.cz\/index.php?rest_route=%2Fwp%2Fv2%2Fmedia&parent=286"}],"curies":[{"name":"wp","href":"https:\/\/api.w.org\/{rel}","templated":true}]}}