{"id":347,"date":"2015-01-30T14:26:05","date_gmt":"2015-01-30T14:26:05","guid":{"rendered":"http:\/\/www.cernyfaun.cz\/?page_id=347"},"modified":"2015-02-08T19:51:57","modified_gmt":"2015-02-08T19:51:57","slug":"fram-z-kolackova-rance","status":"publish","type":"page","link":"https:\/\/www.cernyfaun.cz\/?page_id=347","title":{"rendered":"FRAM Z KOL\u00c1\u010cKOVA RAN\u010cE"},"content":{"rendered":"<p style=\"text-align: center;\"><a href=\"http:\/\/www.cernyfaun.cz\/wp-content\/uploads\/2015\/01\/fram17.jpg\"><img loading=\"lazy\" decoding=\"async\" class=\"aligncenter size-medium wp-image-215\" src=\"http:\/\/www.cernyfaun.cz\/wp-content\/uploads\/2015\/01\/fram17-300x200.jpg\" alt=\"fram17\" width=\"300\" height=\"200\" srcset=\"https:\/\/www.cernyfaun.cz\/wp-content\/uploads\/2015\/01\/fram17-300x200.jpg 300w, https:\/\/www.cernyfaun.cz\/wp-content\/uploads\/2015\/01\/fram17.jpg 425w\" sizes=\"(max-width: 300px) 100vw, 300px\" \/><\/a><\/p>\n<p style=\"text-align: center;\">FR<strong>AM Z KOL\u00c1\u010cKOVA RAN\u010cE<\/strong><\/p>\n<p style=\"text-align: center;\"><strong>20.5.2001 &#8211; 6.8.2014<\/strong><\/p>\n<p style=\"text-align: center;\"><strong>chovn\u00fd pes\/stud dog (A1XA)<\/strong><\/p>\n<p style=\"text-align: center;\"><strong>67 cm, DKK 0\/1<\/strong><\/p>\n<p style=\"text-align: center;\"><strong>zkou\u0161ka ZOP<\/strong><\/p>\n<p style=\"text-align: center;\"><b>Slovensk\u00fd \u0161ampion\/Slovak Champion<br \/>\nKlubov\u00fd v\u00edt\u011bz\/Club winner<br \/>\nV2 na EV Pa\u0159\u00ed\u017e 2002\/Ex 2 on Europa dog show Paris 2002<br \/>\n5xCACIB,4xR.CACIB<br \/>\n12xCAC, 1xCWC, 1xR.CAC, 2xR.CACA, 3xBOB<\/b><\/p>\n","protected":false},"excerpt":{"rendered":"<p>FRAM Z KOL\u00c1\u010cKOVA RAN\u010cE 20.5.2001 &#8211; 6.8.2014 chovn\u00fd pes\/stud dog (A1XA) 67 cm, DKK 0\/1 zkou\u0161ka ZOP Slovensk\u00fd \u0161ampion\/Slovak Champion Klubov\u00fd v\u00edt\u011bz\/Club winner V2 na EV Pa\u0159\u00ed\u017e 2002\/Ex 2 on Europa dog show Paris 2002 5xCACIB,4xR.CACIB 12xCAC, 1xCWC, 1xR.CAC, 2xR.CACA, 3xBOB<\/p>\n","protected":false},"author":2,"featured_media":0,"parent":212,"menu_order":0,"comment_status":"closed","ping_status":"closed","template":"","meta":{"_monsterinsights_skip_tracking":false,"_monsterinsights_sitenote_active":false,"_monsterinsights_sitenote_note":"","_monsterinsights_sitenote_category":0,"footnotes":""},"_links":{"self":[{"href":"https:\/\/www.cernyfaun.cz\/index.php?rest_route=\/wp\/v2\/pages\/347"}],"collection":[{"href":"https:\/\/www.cernyfaun.cz\/index.php?rest_route=\/wp\/v2\/pages"}],"about":[{"href":"https:\/\/www.cernyfaun.cz\/index.php?rest_route=\/wp\/v2\/types\/page"}],"author":[{"embeddable":true,"href":"https:\/\/www.cernyfaun.cz\/index.php?rest_route=\/wp\/v2\/users\/2"}],"replies":[{"embeddable":true,"href":"https:\/\/www.cernyfaun.cz\/index.php?rest_route=%2Fwp%2Fv2%2Fcomments&post=347"}],"version-history":[{"count":3,"href":"https:\/\/www.cernyfaun.cz\/index.php?rest_route=\/wp\/v2\/pages\/347\/revisions"}],"predecessor-version":[{"id":350,"href":"https:\/\/www.cernyfaun.cz\/index.php?rest_route=\/wp\/v2\/pages\/347\/revisions\/350"}],"up":[{"embeddable":true,"href":"https:\/\/www.cernyfaun.cz\/index.php?rest_route=\/wp\/v2\/pages\/212"}],"wp:attachment":[{"href":"https:\/\/www.cernyfaun.cz\/index.php?rest_route=%2Fwp%2Fv2%2Fmedia&parent=347"}],"curies":[{"name":"wp","href":"https:\/\/api.w.org\/{rel}","templated":true}]}}